ors of 232361441?
13, 1297, 13781
What are the prime factors of 199997505?
3, 5, 54869
What are the prime factors of 337409244?
2, 3, 1303, 7193
List the prime factors of 591250101.
3, 13, 3163, 4793
List the prime factors of 33884205.
3, 5, 2258947
List the prime factors of 1301776818.
2, 3, 601, 361003
List the prime factors of 1471631703.
3, 490543901
What are the prime factors of 200690329?
7, 47, 59, 211
What are the prime factors of 238559926?
2, 11, 911, 11903
List the prime factors of 164367924.
2, 3, 7, 1956761
List the prime factors of 3000694836.
2, 3, 4903, 51001
List the prime factors of 339449183.
17, 101, 197699
What are the prime factors of 245858556?
2, 3, 17, 19, 137, 463
What are the prime factors of 227652655?
5, 89, 511579
What are the prime factors of 290171436?
2, 3, 17, 1422409
List the prime factors of 119461025.
5, 4778441
What are the prime factors of 66176811?
3, 29, 223, 379
What are the prime factors of 832673931?
3, 277557977
List the prime factors of 861019950.
2, 3, 5, 7, 23, 101, 353
List the prime factors of 112422352.
2, 7, 1003771
List the prime factors of 43298467.
43298467
List the prime factors of 413058566.
2, 983, 210101
List the prime factors of 51049226.
2, 25524613
What are the prime factors of 26724248?
2, 3340531
What are the prime factors of 2168095?
5, 17, 23, 1109
List the prime factors of 53673957.
3, 5963773
List the prime factors of 219788982.
2, 3, 7, 1744357
What are the prime factors of 1728499289?
11, 23, 37, 184649
List the prime factors of 402463037.
67, 6006911
List the prime factors of 64689913.
17, 3805289
What are the prime factors of 54029296?
2, 71, 199, 239
What are the prime factors of 2443490356?
2, 8291, 73679
List the prime factors of 616718428.
2, 151, 317, 3221
What are the prime factors of 31193179?
5167, 6037
What are the prime factors of 5767981?
17, 47, 7219
What are the prime factors of 138356763?
3, 1019, 45259
What are the prime factors of 190365127?
5569, 34183
What are the prime factors of 172061982?
2, 3, 354037
List the prime factors of 166931444.
2, 769, 54269
List the prime factors of 613163571.
3, 1061, 192637
What are the prime factors of 360892794?
2, 3, 53, 1134883
List the prime factors of 228032017.
29, 229, 34337
List the prime factors of 34046254.
2, 11, 269, 523
What are the prime factors of 25563242?
2, 43, 297247
List the prime factors of 100214657.
23, 4357159
List the prime factors of 34758778.
2, 17, 53, 19289
List the prime factors of 296923571.
7, 163, 260231
What are the prime factors of 7853322?
2, 3, 1308887
What are the prime factors of 810747308?
2, 7, 28955261
List the prime factors of 256725159.
3, 73, 1172261
What are the prime factors of 40209852?
2, 3, 19, 31, 5689
List the prime factors of 147203062.
2, 997, 73823
What are the prime factors of 32448386?
2, 16224193
List the prime factors of 776485705.
5, 167, 313, 2971
What are the prime factors of 3700807882?
2, 10853, 170497
List the prime factors of 1199203748.
2, 299800937
What are the prime factors of 2569340093?
2569340093
List the prime factors of 1717603914.
2, 3, 13, 19, 1158977
List the prime factors of 44519878.
2, 13, 43, 39821
List the prime factors of 3716657785.
5, 743331557
What are the prime factors of 943965019?
943965019
List the prime factors of 44463920.
2, 5, 31, 17929
What are the prime factors of 83647399?
11, 7604309
List the prime factors of 38116993.
37, 1009, 1021
What are the prime factors of 3774084486?
2, 3, 629014081
List the prime factors of 1068491421.
3, 118721269
List the prime factors of 6897044361.
3, 61, 79, 477073
What are the prime factors of 49534652?
2, 31, 399473
What are the prime factors of 4638002219?
29, 159931111
List the prime factors of 57935609.
17, 3407977
List the prime factors of 1098346345.
5, 3539, 62071
List the prime factors of 2247051293.
67, 3371, 9949
List the prime factors of 3410887.
233, 14639
List the prime factors of 53243593.
13, 4095661
List the prime factors of 4385564522.
2, 2192782261
List the prime factors of 15301329.
3, 587, 8689
List the prime factors of 6658925259.
3, 7, 317091679
What are the prime factors of 3322148347?
7, 17, 19, 4549
List the prime factors of 35096231.
35096231
List the prime factors of 3264996872.
2, 408124609
What are the prime factors of 100681502?
2, 173, 290987
List the prime factors of 2058145079.
15823, 130073
List the prime factors of 1363342253.
7, 13, 61, 449, 547
List the prime factors of 913100132.
2, 7, 4159, 7841
What are the prime factors of 1044518573?
7, 17, 23, 381629
What are the prime factors of 487345892?
2, 11, 229, 4397
List the prime factors of 30758399.
7, 1877, 2341
List the prime factors of 414873418.
2, 47, 4413547
What are the prime factors of 57920578?
2, 23, 1259143
What are the prime factors of 146152704?
2, 3, 47, 4049
List the prime factors of 149755826.
2, 11, 29, 234727
List the prime factors of 112521791.
59, 373, 5113
What are the prime factors of 44347749?
3, 23, 43, 14947
What are the prime factors of 60265546?
2, 11, 1021, 2683
List the prime factors of 2561513.
2561513
List the prime factors of 36426704.
2, 2276669
List the prime factors of 83959643.
67, 211, 5939
List the prime factors of 442373460.
2, 3, 5, 709, 10399
What are the prime factors of 451798070?
2, 5, 4663, 9689
List the prime factors of 19737679.
13, 116791
List the prime factors of 47660692.
2, 23, 631, 821
List the prime factors of 219219671.
11, 29, 71, 9679
List the prime factors of 102399194.
2, 17, 3011741
List the prime factors of 5238974717.
191, 2741, 10007
List the prime factors of 356189482.
2, 11, 1291, 12541
List the prime factors of 455482910.
2, 5, 45548291
What are the prime factors of 20683109?
263, 78643
List the prime factors of 214740092.
2, 7, 67, 114467
What are the prime factors of 485704?
2, 109, 557
List the prime factors of 352120081.
352120081
What are the prime factors of 1528590192?
2, 3, 31845629
List the prime factors of 118236151.
11, 373, 28817
List the prime factors of 12690916.
2, 7, 453247
List the prime factors of 133898544.
2, 3, 13, 71527
What are the prime factors of 1377018770?
2, 5, 137701877
List the prime factors of 2484402520.
2, 5, 62110063
List the prime factors of 920806679.
13, 23, 37, 83233
What are the prime factors of 72842361?
3, 271, 89597
What are the prime factors of 4549317640?
2, 5, 7, 17, 419, 2281
What are the prime factors of 50716583?
50716583
What are the prime factors of 5181000474?
2, 3, 13, 61, 1088903
What are the prime factors of 1614355381?
1614355381
List the prime factors of 65583704.
2, 461, 17783
List the prime factors of 26531492.
2, 13, 17, 30013
List the prime factors of 1953006563.
17, 114882739
What are the prime factors of 12588886?
2, 41, 153523
What are the prime factors of 361943494?
2, 11, 389, 42293
What are the prime factors of 575404243?
379, 467, 3251
What are the prime factors of 24916067?
11, 17, 133241
List the prime factors of 5291514.
2, 3, 29, 31, 109
List the prime factors of 1812982463.
157, 11547659
What are the prime factors of 80996704?
2, 17, 148891
List the prime factors of 3812864755.
5, 7, 29, 3756517
List the prime factors of 4650060230.
2, 5, 465006023
What are the prime factors of 3587203451?
13, 787, 350621
What are the prime factors of 168906179?
13, 29, 448027
List the prime factors of 2487639814.
2, 11, 113074537
What are the prime factors of 204996503?
59, 3474517
List the prime factors of 21472723.
21472723
What are the prime factors of 3252157171?
17, 997, 11287
What are the prime factors of 361026786?
2, 3, 2011, 29921
What are the prime factors of 2605876043?
127, 569, 36061
List the prime factors of 161005388.
2, 751, 53597
List the prime factors of 63338670.
2, 3, 5, 703763
What are the prime factors of 23451654?
2, 3, 3908609
What are the prime factors of 1324077497?
1324077497
What are the prime factors of 3174029942?
2, 9511, 166861
What are the prime factors of 79161728?
2, 131, 4721
List the prime factors of 396792208.
2, 331, 74923
List the prime factors of 36604867.
13, 2815759
What are the prime factors of 1190291411?
13693, 86927
What are the prime factors of 569956442?
2, 11, 127, 137, 1489
List the prime factors of 880186722.
2, 3, 146697787
What are 